)/(6 - 3). Calculate the greatest common divisor of c and i.
34
Let b(u) = -u**2 + 21*u - 112. Let j(l) = -l - 3. Let y(z) = b(z) - 2*j(z). Let o be y(15). Calculate the greatest common factor of 686 and o.
14
Let d(y) = -y**2 - 120*y - 842. Let a be d(-8). Calculate the highest common factor of a and 18.
18
Let m(n) = -3*n - 28. Let w be m(-9). Let v(g) = -387*g**3 + g**2 + g. Let y be v(w). Calculate the greatest common divisor of y and 9.
9
Let j be (226/(-7) - -2)*(-40 - -33). Calculate the highest common factor of 5671 and j.
53
Suppose -8*s = -10*s + 6. Suppose 0 = -2*v - 5*w + 56, s*w = -2*v - w + 56. Calculate the greatest common factor of 42 and v.
14
Let x = 2104 - 1373. Suppose f + x = 4*d, -2*d + 5*f + 356 = -23. What is the greatest common divisor of d and 42?
14
Let l be ((-12)/20 - (-8)/(-20))*-190. Suppose -15*z + 235 = l. Calculate the greatest common divisor of z and 9.
3
Let k be (6/(-3))/(4/(-2)). Let t = 343 + -342. What is the highest common factor of k and t?
1
Let o(m) = 3*m**3 + 46*m - 44*m - 2 + m**2 - 4*m**3. Let d be o(2). Let q be (16 + -3)*(-20)/d. What is the greatest common divisor of 10 and q?
10
Suppose 18*v - 9*v + 5913 = 0. Let h be v*(4/36*-3 + 0). Calculate the highest common divisor of 146 and h.
73
Let a = -1172 + 1622. Calculate the highest common factor of a and 720.
90
Suppose -2*k - 3*y = -450, -17*y + 19*y = 2*k - 460. Let v = k + -72. What is the greatest common factor of 36 and v?
12
Suppose 4*m + v - 845 = 0, -2*v + 0*v - 410 = -2*m. Let u = 287 - m. Calculate the highest common divisor of u and 21.
7
Let x = 225 - 95. Let g(l) = 4*l + 30. Let n be g(-16). Let j = n + 60. What is the greatest common factor of x and j?
26
Suppose c = 92 + 60. Let m = -119 + c. Calculate the highest common factor of m and 22.
11
Let c(j) = -2*j + 69. Let x = -37 - -58. Let u be c(x). What is the greatest common divisor of u and 81?
27
Let l = -22927 + 23314. What is the highest common divisor of 144 and l?
9
Let w = -97 + 69. Let r = w + 32. Let p be 2 + -1 + -6 + 7. Calculate the highest common factor of p and r.
2
Let m(k) = 94*k + 13938. Let n be m(-87). Calculate the greatest common factor of n and 270.
90
Suppose -2 + 7 = x. Suppose 4*b - 5*n = 300, x*b = -4*n + 367 + 8. Suppose -13*r = -b - 653. What is the highest common divisor of 8 and r?
8
Suppose 4*r - 34 = -0*u - 3*u, 0 = -2*u + 3*r + 34. Let t be 53 + (24/(-4) - -2). What is the highest common divisor of t and u?
7
Let q = -279 - -270. Let g be (1*77)/(2 + q/5). Calculate the greatest common divisor of g and 77.
77
Let o = 13231 + -13173. Let h(z) = 3*z**3 - z**2 - 2*z + 6. Let r be h(4). Calculate the highest common factor of o and r.
58
Suppose 2*x - 229982 + 11725 = -11*x. What is the highest common divisor of x and 103?
103
Suppose 0 = -4*k + 1287 + 1569. Let o(j) = 174*j - 1176. Let r be o(7). What is the highest common factor of r and k?
42
Let g be 6/(-9)*((-1)/1 - 35). Let b = g - 25. Let c be 35 - (1 + (b - 1)). Calculate the greatest common factor of 24 and c.
12
Let c = -187 + 192. Let r be c/(-4 + (-197)/(-49)). Calculate the greatest common factor of 35 and r.
35
Let f(v) = 17*v + 190. Let r be f(-11). Suppose -23*b + 3*h = -18*b - 1205, 4*h - 694 = -r*b. What is the greatest common divisor of b and 28?
14
Let m(l) = l**2 + 10. Let v be m(0). Let t be (72/v)/(-3*(-1)/225). Let o be t/10*1/1. What is the greatest common factor of 6 and o?
6
Suppose -908 = -4*i - 4*l, 2*i - 5*l = -3*i + 1135. Suppose -p + 237 = p - 3*c, 2*p - c = i. Calculate the highest common factor of p and 148.
37
Suppose -911 + 999 = -50*w + 1088. Suppose 5468 = 4*g + 440. Let q be (-1)/(-3) + g/9. Calculate the highest common divisor of q and w.
20
Let w be (2/4)/((1/(-124))/1). Let x = w + 117. Let c be 4/(-22) + (-246)/(-22). Calculate the highest common factor of c and x.
11
Let p(d) = 19*d**2 - 96*d + 8. Let g be p(5). Suppose -2*h + 5*r - 26 = -91, -5*h + 134 = -g*r. What is the highest common factor of h and 400?
25
Let f(b) = 4*b**2 + 9*b + 10. Let a(d) = -7*d**2 - 18*d - 22. Let s(n) = 6*a(n) + 10*f(n). Let y be s(-5). What is the highest common divisor of y and 32?
8
Suppose -3*y + 16792 = 5*p, -3*y - 3931 = -2*p - 20688. Calculate the highest common divisor of 46 and y.
23
Let b be 4914/56*(124/12 + -9). Calculate the highest common factor of b and 8697.
39
Let x be 0 - -1 - 12/(-6). Let f be 10/(-25)*-5 - x. Let v be 6 - (5 - 6)/(f/3). What is the highest common factor of 39 and v?
3
Suppose -142*q - 55*q + 3024 = -53*q. Let z = 71 - 40. Suppose -10*a + z = q. Calculate the highest common divisor of a and 5.
1
Suppose -78 - 224 = -4*s + 106. What is the greatest common factor of 6256 and s?
34
Let j = -29022 + 29130. Calculate the highest common divisor of j and 204.
12
Let t(l) = -21*l - 62. Let n be t(-5). Calculate the highest common factor of n and 1161.
43
Let v(x) = 82*x - 526. Let u be v(15). What is the highest common factor of u and 2024?
88
Suppose 0 = -161*h - 742 + 6860. Calculate the greatest common divisor of 2774 and h.
38
Let k = 89 - 92. Let i(l) = l**3 - 14*l - 7. Let a be i(k). Calculate the greatest common factor of 3 and a.
1
Suppose 841 = 3*c + x, 2*c = 3*c + 6*x - 252. Let g be (c/10)/((-25)/(-250)). What is the greatest common factor of g and 3?
3
Suppose 0 = 92*b + 4969 - 11869. Calculate the highest common factor of 6 and b.
3
Let u(w) = -w + 77. Let y be u(-15). Let k = y - 1. Suppose 0 = 6*o - 2*o - 52. What is the highest common divisor of k and o?
13
Suppose -127 = -4*a + 3*n + 187, -4*n = 4*a - 328. Suppose 130*p + 195 = 5*t + 125*p, 84 = 4*t + 4*p. Calculate the greatest common divisor of a and t.
10
Let f(s) = 106*s**2 - 364*s + 2917. Let b be f(8). Calculate the greatest common divisor of b and 93.
93
Let n = -5434 - -5616. Suppose -4*f - 140 = -9*f. Suppose 0 = -j - j + f. Calculate the greatest common factor of n and j.
14
Let a(o) = 4*o**3 - o. Let t be a(1). Suppose -11 = -t*s + 76. Suppose 97 = 3*w - s. Calculate the greatest common divisor of 6 and w.
6
Suppose 0 = -25*m - 52*m + 132*m - 3960. What is the highest common factor of m and 912?
24
Suppose -2*q + 3*t = -98, -818*q + 4*t + 148 = -815*q. Suppose 71 = -2*c + 539. Calculate the greatest common factor of q and c.
26
Let k be (4/(-40)*5)/(37/(-929884)). Calculate the greatest common factor of k and 618.
206
Let v(m) = -m**3 - 8*m**2 + 20*m + 10. Let z be v(-10). Suppose -10 = -3*o - 4. Calculate the highest common divisor of o and z.
2
Suppose 0 = -10460*o + 10480*o - 117180. What is the greatest common divisor of 189 and o?
189
Let n(g) = g**2 + 2*g - 3. Let u be n(-2). Let v be (u + 5 + 0)*8. What is the highest common factor of 80 and v?
16
Let b(f) = -2*f**3 - 13*f**2 + 37*f - 75. Let l be b(-10). What is the greatest common divisor of 15 and l?
15
Suppose -509*j - 196560 = -537*j. Calculate the greatest common factor of 104 and j.
52
Suppose 39*x - 77685 - 506002 = 909623. What is the highest common factor of 70 and x?
70
Let c(q) = 7*q**3 - 8*q**2 - 12*q - 1. Let y(z) = z**3 - z**2 - z - 1. Let o(k) = c(k) - 4*y(k). Let s be o(3). What is the highest common factor of 9 and s?
3
Let f be 1/(-5) + 78/(-10). Let x(s) = s**2 + 6*s + 58. Let k be x(f). Calculate the greatest common divisor of k and 222.
74
Let w(q) = 5929*q**2 + 245*q - 491. Let p be w(2). Calculate the greatest common divisor of p and 510.
255
Let f(h) = -11*h + 25. Let d(q) = 2*q - 2. Let b(p) = 15*d(p) + 3*f(p). Let c be b(9). What is the highest common divisor of 24 and c?
6
Suppose 57*v - 54*v - 249 = 0. Suppose -4*i - v = -99. What is the highest common factor of 60 and i?
4
Let u be -309 + 306 - (2 + 15/6*-1290). What is the greatest common divisor of 1400 and u?
140
Let a = 922 - 842. Let b(s) = -s**2 + 3*s. Let f be b(3). Suppose -r - r + a = f. What is the highest common factor of 5 and r?
5
Suppose -671*d = -680*d + 108. Suppose d*w = 39 + 117. Suppose 5*k - 2*k = 117. What is the highest common divisor of k and w?
13
Suppose -2020 = -35*g - 690. What is the greatest common factor of 11172 and g?
38
Let w = 148 + -148. Suppose w = -5*q + 6*q - 80. Let y = 46 - 26. What is the greatest common factor of y and q?
20
Let w(d) = -26*d + 6. Let m be w(-4). Let g be 17/2 + (-93)/(-62). 